{"id":795,"date":"2021-05-16T19:33:40","date_gmt":"2021-05-16T19:33:40","guid":{"rendered":"https:\/\/viveinmo.ec\/?page_id=795"},"modified":"2021-05-28T14:46:56","modified_gmt":"2021-05-28T14:46:56","slug":"nosotros","status":"publish","type":"page","link":"https:\/\/vive.ec\/?page_id=795","title":{"rendered":"Nosotros &#8211; Vive Inmo \u00b7 Proyectos y Productos Inmobiliarios"},"content":{"rendered":"<p>[vc_row full_width=\u00bbstretch_row_content_no_spaces\u00bb overlay_dotted=\u00bb\u00bb][vc_column][vc_column_text][\/vc_column_text][\/vc_column][\/vc_row][vc_row full_width=\u00bbstretch_row\u00bb overlay_dotted=\u00bb\u00bb css=\u00bb.vc_custom_1620993648020{background-color: #f0f1f0 !important;}\u00bb][vc_column][vc_empty_space height=\u00bb72px\u00bb][vc_column_text]<\/p>\n<h2 style=\"text-align: center;\"><span style=\"color: #26a9af; border-bottom: 3px solid #26a9af; padding: 0px 10px 0px 10px; font-size: 32px; font-weight: 100;\">NOSOTROS<\/span><\/h2>\n<p>[\/vc_column_text][vc_row_inner][vc_column_inner width=\u00bb1\/6&#8243;][\/vc_column_inner][vc_column_inner width=\u00bb2\/3&#8243;][vc_column_text]<\/p>\n<h4 style=\"text-align: center; font-size: 24px; font-weight: 100!important;\"><span style=\"color: #6e6e71;\">Entendemos lo importante que es tu hogar y tu familia.<\/span><span style=\"color: #6e6e71;\">Tambi\u00e9n significa mucho para nosotros.<\/span><\/h4>\n<h4 style=\"text-align: center; font-size: 24px; font-weight: 100!important;\"><span style=\"color: #6e6e71;\">Nuestros proyectos son una expresi\u00f3n del conocimiento que tenemos sobre como te gustar\u00eda vivir. <\/span><\/h4>\n<h4 style=\"text-align: center; font-size: 24px; font-weight: 100!important;\"><span style=\"color: #6e6e71;\">Dise\u00f1amos productos inmobiliarios que cumplen esas necesidades y superan tus expectativas.<\/span><\/h4>\n<h4 style=\"text-align: center; font-size: 24px; font-weight: 100!important;\"><span style=\"color: #6e6e71;\">Nos apasiona el dise\u00f1o, la innovaci\u00f3n y la eficiencia, para ofrecerte una vivienda de alta calidad al precio<br \/>\nm\u00e1s competitivo del mercado.<\/span><\/h4>\n<p>[\/vc_column_text][\/vc_column_inner][vc_column_inner width=\u00bb1\/6&#8243;][\/vc_column_inner][\/vc_row_inner][vc_empty_space height=\u00bb56px\u00bb][vc_video link=\u00bbhttps:\/\/youtu.be\/-AJNimmS7xk\u00bb align=\u00bbcenter\u00bb][vc_empty_space height=\u00bb56px\u00bb][\/vc_column][\/vc_row][vc_row full_width=\u00bbstretch_row\u00bb overlay_dotted=\u00bb\u00bb css=\u00bb.vc_custom_1620994034674{background-color: #26a9af !important;}\u00bb][vc_column][vc_empty_space height=\u00bb72px\u00bb][vc_column_text]<\/p>\n<h2 style=\"text-align: center;\"><span style=\"color: #fff; border-bottom: 3px solid #fff; padding: 0px 10px 0px 10px; font-size: 32px; font-weight: 100;\">CONT\u00c1CTANOS<\/span><\/h2>\n<p>[\/vc_column_text][vc_row_inner][vc_column_inner width=\u00bb1\/2&#8243;][vc_empty_space height=\u00bb64px\u00bb]<div role=\"form\" class=\"wpcf7\" id=\"wpcf7-f649-o1\" lang=\"en-US\" dir=\"ltr\">\n<div class=\"screen-reader-response\"><p role=\"status\" aria-live=\"polite\" aria-atomic=\"true\"><\/p> <ul><\/ul><\/div>\n<form action=\"\/index.php?rest_route=%2Fwp%2Fv2%2Fpages%2F795#wpcf7-f649-o1\" method=\"post\" class=\"wpcf7-form init\" novalidate=\"novalidate\" data-status=\"init\">\n<div style=\"display: none;\">\n<input type=\"hidden\" name=\"_wpcf7\" value=\"649\" \/>\n<input type=\"hidden\" name=\"_wpcf7_version\" value=\"5.6.4\" \/>\n<input type=\"hidden\" name=\"_wpcf7_locale\" value=\"en_US\" \/>\n<input type=\"hidden\" name=\"_wpcf7_unit_tag\" value=\"wpcf7-f649-o1\" \/>\n<input type=\"hidden\" name=\"_wpcf7_container_post\" value=\"0\" \/>\n<input type=\"hidden\" name=\"_wpcf7_posted_data_hash\" value=\"\" \/>\n<input type=\"hidden\" name=\"_wpcf7_recaptcha_response\" value=\"\" \/>\n<\/div>\n<div class=\"row\">\n<div class=\"col-md-12\">\n<p><span class=\"wpcf7-form-control-wrap\" data-name=\"your-name\"><input type=\"text\" name=\"your-name\" value=\"\" size=\"40\" class=\"wpcf7-form-control wpcf7-text wpcf7-validates-as-required\" aria-required=\"true\" aria-invalid=\"false\" placeholder=\"Nombre\" \/><\/span><\/p>\n<\/div>\n<div class=\"col-md-12\">\n<p><span class=\"wpcf7-form-control-wrap\" data-name=\"your-phone\"><input type=\"tel\" name=\"your-phone\" value=\"\" size=\"40\" class=\"wpcf7-form-control wpcf7-text wpcf7-tel wpcf7-validates-as-required wpcf7-validates-as-tel\" aria-required=\"true\" aria-invalid=\"false\" placeholder=\"Tel\u00e9fono\" \/><\/span><\/p>\n<\/div>\n<div class=\"col-md-12\">\n<p><span class=\"wpcf7-form-control-wrap\" data-name=\"your-email\"><input type=\"email\" name=\"your-email\" value=\"\" size=\"40\" class=\"wpcf7-form-control wpcf7-text wpcf7-email wpcf7-validates-as-required wpcf7-validates-as-email\" aria-required=\"true\" aria-invalid=\"false\" placeholder=\"Email\" \/><\/span><\/p>\n<\/div>\n<div class=\"col-md-12\">\n<p><span class=\"wpcf7-form-control-wrap\" data-name=\"your-message\"><textarea name=\"your-message\" cols=\"40\" rows=\"10\" class=\"wpcf7-form-control wpcf7-textarea\" aria-invalid=\"false\" placeholder=\"Mensaje\"><\/textarea><\/span><\/p>\n<\/div>\n<div class=\"col-md-12\">\n<p><button type=\"submit\" value=\"Submit\" class=\"xrton-btn wpcf7-form-control wpcf7-submit button\"><span>ENVIAR<\/span><\/button><\/p>\n<\/div>\n<\/div>\n<div class=\"wpcf7-response-output\" aria-hidden=\"true\"><\/div><\/form><\/div>[\/vc_column_inner][vc_column_inner width=\u00bb1\/2&#8243;][vc_empty_space height=\u00bb64px\u00bb][vc_column_text]<\/p>\n<div class=\"row col-md-12\" style=\"vertical-align: middle !important;\">\n<div class=\"col-md-2 side-vive\"><img decoding=\"async\" style=\"width: 52px; height: auto;\" src=\"https:\/\/vive.ec\/wp-content\/uploads\/2021\/05\/Icono-proyectos-ubicacion.png\" alt=\"Vive Inmo\" \/><\/div>\n<div class=\"col-md-10 content-vive\">\n<p class=\"text-vive\" style=\"color: #fff; font-size: 16px; font-family: 'Montserrat';\">Edificio Almagro 240, Of. 1201<br \/>\nQuito \u2013 Ecuador<\/p>\n<\/div>\n<div class=\"col-md-2 side-vive\"><a style=\"color: white;\" href=\"tel:+59323822640\" target=\"_blank\" rel=\"noopener\"><img decoding=\"async\" style=\"width: 52px; height: auto; margin-bottom: 16px;\" src=\"https:\/\/vive.ec\/wp-content\/uploads\/2021\/05\/icono-proyectos-telefono.png\" alt=\"Vive Inmo\" \/><\/a><\/div>\n<div class=\"col-md-10 content-vive\">\n<p class=\"text-vive\" style=\"color: #fff; font-size: 16px; font-family: 'Montserrat'; padding-top: 10px;\"><a style=\"color: white;\" href=\"tel:+59323822640\" target=\"_blank\" rel=\"noopener\">+593 2 382 2640<\/a><\/p>\n<\/div>\n<div class=\"col-md-2 side-vive\"><a style=\"color: white;\" href=\"mailto:info@vive.ec\" target=\"_blank\" rel=\"noopener\"><img decoding=\"async\" style=\"width: 52px; height: auto; margin-bottom: 16px;\" src=\"https:\/\/vive.ec\/wp-content\/uploads\/2021\/05\/icono-proyectos-web.png\" alt=\"Vive Inmo\" \/><\/a><\/div>\n<div class=\"col-md-10 content-vive\">\n<p class=\"text-vive\" style=\"color: #fff; font-size: 16px; font-family: 'Montserrat'; padding-top: 10px;\"><a style=\"color: white;\" href=\"mailto:info@vive.ec\" target=\"_blank\" rel=\"noopener\">info@vive.ec<\/a><\/p>\n<\/div>\n<div class=\"col-md-2 side-vive\"><a href=\"https:\/\/www.facebook.com\/Vive-Inmo-109181254592861\" target=\"_blank\" rel=\"noopener\"><img decoding=\"async\" style=\"width: 52px; height: auto; margin-bottom: 16px;\" src=\"https:\/\/vive.ec\/wp-content\/uploads\/2021\/05\/icono-proyectos-facebook.png\" alt=\"Vive Inmo\" \/><\/a><\/div>\n<div class=\"col-md-10 content-vive\">\n<p class=\"text-vive\" style=\"color: #fff; font-size: 16px; font-family: 'Montserrat'; padding-top: 10px;\"><a style=\"color: white;\" href=\"https:\/\/www.facebook.com\/Vive-Inmo-109181254592861\" target=\"_blank\" rel=\"noopener\">vive inmo<\/a><\/p>\n<\/div>\n<div class=\"col-md-2 side-vive\"><a href=\"https:\/\/www.instagram.com\/vive_inmo_\/\" target=\"_blank\" rel=\"noopener\"><img decoding=\"async\" style=\"width: 52px; height: auto; margin-bottom: 16px;\" src=\"https:\/\/vive.ec\/wp-content\/uploads\/2021\/05\/icono-proyectos-instagram.png\" alt=\"Vive Inmo\" \/><\/a><\/div>\n<div class=\"col-md-10 content-vive\">\n<p class=\"text-vive\" style=\"color: #fff; font-size: 16px; font-family: 'Montserrat'; padding-top: 10px;\"><a style=\"color: white;\" href=\"https:\/\/www.instagram.com\/vive_inmo_\/\" target=\"_blank\" rel=\"noopener\">vive_inmo_<\/a><\/p>\n<\/div>\n<div class=\"col-md-2 side-vive\"><a href=\"https:\/\/www.tiktok.com\/@vive_inmo?\" target=\"_blank\" rel=\"noopener\"><img decoding=\"async\" style=\"width: 52px; height: auto; margin-bottom: 16px;\" src=\"https:\/\/vive.ec\/wp-content\/uploads\/2021\/05\/icono-proyectos-tik-tok.png\" alt=\"Vive Inmo\" \/><\/a><\/div>\n<div class=\"col-md-10 content-vive\">\n<p class=\"text-vive\" style=\"color: #fff; font-size: 16px; font-family: 'Montserrat'; padding-top: 10px;\"><a style=\"color: white;\" href=\"https:\/\/www.tiktok.com\/@vive_inmo?\" target=\"_blank\" rel=\"noopener\">vive_inmo<\/a><\/p>\n<\/div>\n<\/div>\n<p>[\/vc_column_text][\/vc_column_inner][\/vc_row_inner][vc_empty_space height=\u00bb56px\u00bb][\/vc_column][\/vc_row]<\/p>\n","protected":false},"excerpt":{"rendered":"[vc_row full_width=\u00bbstretch_row_content_no_spaces\u00bb overlay_dotted=\u00bb\u00bb][vc_column][vc_column_text][\/vc_column_text][\/vc_column][\/vc_row][vc_row full_width=\u00bbstretch_row\u00bb overlay_dotted=\u00bb\u00bb css=\u00bb.vc_custom_1620993648020{background-color: #f0f1f0 !important;}\u00bb][vc_column][vc_empty_space height=\u00bb72px\u00bb][vc_column_text] NOSOTROS [\/vc_column_text][vc_row_inner][vc_column_inner width=\u00bb1\/6&#8243;][\/vc_column_inner][vc_column_inner width=\u00bb2\/3&#8243;][vc_column_text] Entendemos lo importante que es tu hogar y tu familia.Tambi\u00e9n significa mucho para nosotros. Nuestros proyectos son una expresi\u00f3n del conocimiento que tenemos sobre como te gustar\u00eda vivir. Dise\u00f1amos productos inmobiliarios que cumplen esas necesidades y superan tus expectativas. Nos apasiona el [&#8230;]","protected":false},"author":2,"featured_media":0,"parent":0,"menu_order":0,"comment_status":"closed","ping_status":"closed","template":"","meta":{"_mi_skip_tracking":false,"footnotes":""},"class_list":["post-795","page","type-page","status-publish","hentry"],"_links":{"self":[{"href":"https:\/\/vive.ec\/index.php?rest_route=\/wp\/v2\/pages\/795","targetHints":{"allow":["GET"]}}],"collection":[{"href":"https:\/\/vive.ec\/index.php?rest_route=\/wp\/v2\/pages"}],"about":[{"href":"https:\/\/vive.ec\/index.php?rest_route=\/wp\/v2\/types\/page"}],"author":[{"embeddable":true,"href":"https:\/\/vive.ec\/index.php?rest_route=\/wp\/v2\/users\/2"}],"replies":[{"embeddable":true,"href":"https:\/\/vive.ec\/index.php?rest_route=%2Fwp%2Fv2%2Fcomments&post=795"}],"version-history":[{"count":10,"href":"https:\/\/vive.ec\/index.php?rest_route=\/wp\/v2\/pages\/795\/revisions"}],"predecessor-version":[{"id":868,"href":"https:\/\/vive.ec\/index.php?rest_route=\/wp\/v2\/pages\/795\/revisions\/868"}],"wp:attachment":[{"href":"https:\/\/vive.ec\/index.php?rest_route=%2Fwp%2Fv2%2Fmedia&parent=795"}],"curies":[{"name":"wp","href":"https:\/\/api.w.org\/{rel}","templated":true}]}}